{"id":6653,"date":"2025-01-31T15:09:28","date_gmt":"2025-01-31T15:09:28","guid":{"rendered":"https:\/\/www.deutschlanddigital.org\/?page_id=6653"},"modified":"2025-09-26T07:47:38","modified_gmt":"2025-09-26T07:47:38","slug":"ueber-uns","status":"publish","type":"page","link":"https:\/\/www.deutschlanddigital.org\/index.php\/ueber-uns\/","title":{"rendered":"\u00dcber Uns"},"content":{"rendered":"<p><div class=\"fusion-fullwidth fullwidth-box fusion-builder-row-1 fusion-flex-container has-pattern-background has-mask-background nonhundred-percent-fullwidth non-hundred-percent-height-scrolling\" style=\"--link_hover_color: #2c999a;--link_color: var(--awb-color7);--awb-border-radius-top-left:0px;--awb-border-radius-top-right:0px;--awb-border-radius-bottom-right:0px;--awb-border-radius-bottom-left:0px;--awb-padding-top:0px;--awb-padding-bottom:89px;--awb-padding-bottom-medium:80px;--awb-padding-top-small:24px;--awb-padding-bottom-small:32px;--awb-background-color:var(--awb-color1);--awb-flex-wrap:wrap;\" ><div class=\"fusion-builder-row fusion-row fusion-flex-align-items-center fusion-flex-content-wrap\" style=\"max-width:1310.4px;margin-left: calc(-4% \/ 2 );margin-right: calc(-4% \/ 2 );\"><div class=\"fusion-layout-column fusion_builder_column fusion-builder-column-0 fusion_builder_column_1_1 1_1 fusion-flex-column\" style=\"--awb-bg-size:cover;--awb-width-large:100%;--awb-margin-top-large:50px;--awb-spacing-right-large:1.92%;--awb-margin-bottom-large:0px;--awb-spacing-left-large:1.92%;--awb-width-medium:75%;--awb-order-medium:0;--awb-spacing-right-medium:5.12%;--awb-spacing-left-medium:5.12%;--awb-width-small:100%;--awb-order-small:0;--awb-spacing-right-small:1.92%;--awb-margin-bottom-small:12px;--awb-spacing-left-small:1.92%;\"><div class=\"fusion-column-wrapper fusion-column-has-shadow fusion-flex-justify-content-flex-start fusion-content-layout-column\"><div class=\"fusion-text fusion-text-1\"><h2 id=\"mehrwert\" style=\"text-align: center\"><strong>Was ist DEUTSCHLAND.DIGITAL?<\/strong><\/h2>\n<\/div><div class=\"fusion-text fusion-text-2\"><p style=\"text-align: center\">Das Modellvorhaben <a href=\"https:\/\/www.landkreise.digital\/index.php\/forschungsprojekt\/\"><b>Smarte.Land.Regionen<\/b> <\/a>wurde im Rahmen des \u00bbBundesprogramms L\u00e4ndliche Entwicklung und regionale Wertsch\u00f6pfung\u00ab (BULEplus) umgesetzt, einem Instrument des Bundesministeriums f\u00fcr Landwirtschaft, Ern\u00e4hrung und Heimat (BMLEH) f\u00fcr die nachhaltige Gestaltung l\u00e4ndlicher Regionen.<\/p>\n<p style=\"text-align: center\">Ziel war es, auf der Ebene von Landkreisen die Daseinsvorsorge f\u00fcr die Bev\u00f6lkerung vor Ort zu verbessern und daf\u00fcr \u00fcbertragbare Strategien und Ma\u00dfnahmen zu finden. In diesem Rahmen wurde erforscht, inwiefern neue technische M\u00f6glichkeiten dazu beitragen k\u00f6nnen, das Lebens- und Arbeitsumfeld gerade in l\u00e4ndlichen Regionen im Sinne heutiger Standards attraktiv zu halten. Dabei ist der Marktplatz <b>DEUTSCHLAND.DIGITAL<\/b> entstanden.<\/p>\n<p style=\"text-align: center\">Zum Ende des Modellvorhabens (2024) \u00bbSmarte.Land.Regionen\u00ab gab es die Zusage zur Folgef\u00f6rderung mit einer angepassten Projektstruktur. Die Folgef\u00f6rderung bis Ende 2026 ist gesichert und wird mit einem Fokus auf der Weiterentwicklung des Marktplatzes <b>DEUTSCHLAND.DIGITAL<\/b> liegen.<\/p>\n<\/div><div class=\"fusion-text fusion-text-3\"><p style=\"text-align: center\"><b>DEUTSCHLAND.DIGITAL<\/b> verbindet Beratende und L\u00f6sungsanbietende auf der einen Seite und Kommunen und B\u00fcrger:innen auf der anderen Seite miteinander. Im Zentrum von <b>DEUTSCHLAND.DIGITAL<\/b>, und damit im Zentrum der einzelnen Stakeholder, stehen der <strong><a href=\"https:\/\/www.deutschlanddigital.org\/#marktplatz\">Marktplatz<\/a><\/strong> und die <strong><a href=\"https:\/\/www.deutschlanddigital.org\/#plattform\">Plattform<\/a><\/strong>, welche zusammen den Kern von <b>DEUTSCHLAND.DIGITAL<\/b> bilden.<\/p>\n<\/div><div class=\"fusion-image-element \" style=\"text-align:center;--awb-margin-top:25px;--awb-caption-title-font-family:var(--h2_typography-font-family);--awb-caption-title-font-weight:var(--h2_typography-font-weight);--awb-caption-title-font-style:var(--h2_typography-font-style);--awb-caption-title-size:var(--h2_typography-font-size);--awb-caption-title-transform:var(--h2_typography-text-transform);--awb-caption-title-line-height:var(--h2_typography-line-height);--awb-caption-title-letter-spacing:var(--h2_typography-letter-spacing);\"><span class=\" fusion-imageframe imageframe-none imageframe-1 hover-type-none\" style=\"border-radius:12px;\"><img decoding=\"async\" width=\"2560\" height=\"1810\" title=\"Marktplatz-Uebersicht\" src=\"https:\/\/www.deutschlanddigital.org\/wp-content\/uploads\/sites\/16\/2025\/09\/Marktplatz-Uebersicht-scaled.png\" data-orig-src=\"https:\/\/www.deutschlanddigital.org\/wp-content\/uploads\/sites\/16\/2025\/09\/Marktplatz-Uebersicht-scaled.png\" alt class=\"lazyload img-responsive wp-image-7235\" srcset=\"data:image\/svg+xml,%3Csvg%20xmlns%3D%27http%3A%2F%2Fwww.w3.org%2F2000%2Fsvg%27%20width%3D%272560%27%20height%3D%271810%27%20viewBox%3D%270%200%202560%201810%27%3E%3Crect%20width%3D%272560%27%20height%3D%271810%27%20fill-opacity%3D%220%22%2F%3E%3C%2Fsvg%3E\" data-srcset=\"https:\/\/www.deutschlanddigital.org\/wp-content\/uploads\/sites\/16\/2025\/09\/Marktplatz-Uebersicht-200x141.png 200w, https:\/\/www.deutschlanddigital.org\/wp-content\/uploads\/sites\/16\/2025\/09\/Marktplatz-Uebersicht-400x283.png 400w, https:\/\/www.deutschlanddigital.org\/wp-content\/uploads\/sites\/16\/2025\/09\/Marktplatz-Uebersicht-600x424.png 600w, https:\/\/www.deutschlanddigital.org\/wp-content\/uploads\/sites\/16\/2025\/09\/Marktplatz-Uebersicht-800x566.png 800w, https:\/\/www.deutschlanddigital.org\/wp-content\/uploads\/sites\/16\/2025\/09\/Marktplatz-Uebersicht-1200x848.png 1200w, https:\/\/www.deutschlanddigital.org\/wp-content\/uploads\/sites\/16\/2025\/09\/Marktplatz-Uebersicht-scaled.png 2560w\" data-sizes=\"auto\" data-orig-sizes=\"(max-width: 640px) 100vw, 2560px\" \/><\/span><\/div><\/div><\/div><\/div><\/div><div class=\"fusion-fullwidth fullwidth-box fusion-builder-row-2 fusion-flex-container nonhundred-percent-fullwidth non-hundred-percent-height-scrolling\" style=\"--link_hover_color: #2c999a;--link_color: var(--awb-color7);--awb-border-radius-top-left:0px;--awb-border-radius-top-right:0px;--awb-border-radius-bottom-right:0px;--awb-border-radius-bottom-left:0px;--awb-padding-top:44px;--awb-padding-bottom:0px;--awb-padding-bottom-medium:80px;--awb-padding-top-small:24px;--awb-padding-bottom-small:32px;--awb-margin-top:24px;--awb-margin-bottom:43px;--awb-background-color:var(--awb-color2);--awb-flex-wrap:wrap;\" ><div class=\"fusion-builder-row fusion-row fusion-flex-align-items-center fusion-flex-content-wrap\" style=\"max-width:1310.4px;margin-left: calc(-4% \/ 2 );margin-right: calc(-4% \/ 2 );\"><div class=\"fusion-layout-column fusion_builder_column fusion-builder-column-1 fusion_builder_column_1_1 1_1 fusion-flex-column\" style=\"--awb-bg-size:cover;--awb-width-large:100%;--awb-margin-top-large:20px;--awb-spacing-right-large:1.92%;--awb-margin-bottom-large:20px;--awb-spacing-left-large:1.92%;--awb-width-medium:100%;--awb-order-medium:0;--awb-spacing-right-medium:1.92%;--awb-spacing-left-medium:1.92%;--awb-width-small:100%;--awb-order-small:0;--awb-spacing-right-small:1.92%;--awb-spacing-left-small:1.92%;\"><div class=\"fusion-column-wrapper fusion-column-has-shadow fusion-flex-justify-content-flex-start fusion-content-layout-column\"><div class=\"fusion-text fusion-text-4\"><h2 class=\"\" style=\"text-align: center\" data-fontsize=\"48\" data-lineheight=\"57.6px\">Was ist die Plattform?<\/h2>\n<p style=\"text-align: center\">Die Plattform ist die Basis und bietet ein einheitliches Nutzerkonto f\u00fcr den Marktplatz.<\/p>\n<p style=\"text-align: center\">Die Plattform \u00fcbernimmt eine wichtige Rolle: Sie speichert neben Nutzerdaten auch die geografische Struktur der Verwaltungseinheiten, fungiert als Bilderverwaltung, erm\u00f6glicht eine einheitliche Handhabung der juristischen Texte und h\u00e4lt Datenschutzvereinbarungen bereit.<\/p>\n<\/div><div class=\"fusion-image-element \" style=\"text-align:center;--awb-caption-title-font-family:var(--h2_typography-font-family);--awb-caption-title-font-weight:var(--h2_typography-font-weight);--awb-caption-title-font-style:var(--h2_typography-font-style);--awb-caption-title-size:var(--h2_typography-font-size);--awb-caption-title-transform:var(--h2_typography-text-transform);--awb-caption-title-line-height:var(--h2_typography-line-height);--awb-caption-title-letter-spacing:var(--h2_typography-letter-spacing);\"><span class=\" fusion-imageframe imageframe-none imageframe-2 hover-type-none\" style=\"border-radius:12px;\"><img decoding=\"async\" width=\"2560\" height=\"1810\" title=\"Plattform-Screen_new\" src=\"https:\/\/www.deutschlanddigital.org\/wp-content\/uploads\/sites\/16\/2025\/09\/Plattform-Screen_new-scaled.png\" data-orig-src=\"https:\/\/www.deutschlanddigital.org\/wp-content\/uploads\/sites\/16\/2025\/09\/Plattform-Screen_new-scaled.png\" alt class=\"lazyload img-responsive wp-image-7231\" srcset=\"data:image\/svg+xml,%3Csvg%20xmlns%3D%27http%3A%2F%2Fwww.w3.org%2F2000%2Fsvg%27%20width%3D%272560%27%20height%3D%271810%27%20viewBox%3D%270%200%202560%201810%27%3E%3Crect%20width%3D%272560%27%20height%3D%271810%27%20fill-opacity%3D%220%22%2F%3E%3C%2Fsvg%3E\" data-srcset=\"https:\/\/www.deutschlanddigital.org\/wp-content\/uploads\/sites\/16\/2025\/09\/Plattform-Screen_new-200x141.png 200w, https:\/\/www.deutschlanddigital.org\/wp-content\/uploads\/sites\/16\/2025\/09\/Plattform-Screen_new-400x283.png 400w, https:\/\/www.deutschlanddigital.org\/wp-content\/uploads\/sites\/16\/2025\/09\/Plattform-Screen_new-600x424.png 600w, https:\/\/www.deutschlanddigital.org\/wp-content\/uploads\/sites\/16\/2025\/09\/Plattform-Screen_new-800x566.png 800w, https:\/\/www.deutschlanddigital.org\/wp-content\/uploads\/sites\/16\/2025\/09\/Plattform-Screen_new-1200x848.png 1200w, https:\/\/www.deutschlanddigital.org\/wp-content\/uploads\/sites\/16\/2025\/09\/Plattform-Screen_new-scaled.png 2560w\" data-sizes=\"auto\" data-orig-sizes=\"(max-width: 640px) 100vw, 2560px\" \/><\/span><\/div><\/div><\/div><\/div><\/div><div class=\"fusion-fullwidth fullwidth-box fusion-builder-row-3 fusion-flex-container has-pattern-background has-mask-background nonhundred-percent-fullwidth non-hundred-percent-height-scrolling\" style=\"--awb-border-radius-top-left:0px;--awb-border-radius-top-right:0px;--awb-border-radius-bottom-right:0px;--awb-border-radius-bottom-left:0px;--awb-padding-top:0px;--awb-padding-bottom:0px;--awb-margin-bottom:0px;--awb-flex-wrap:wrap;\" ><div class=\"fusion-builder-row fusion-row fusion-flex-align-items-flex-start fusion-flex-content-wrap\" style=\"max-width:1310.4px;margin-left: calc(-4% \/ 2 );margin-right: calc(-4% \/ 2 );\"><div class=\"fusion-layout-column fusion_builder_column fusion-builder-column-2 fusion_builder_column_1_1 1_1 fusion-flex-column\" style=\"--awb-bg-size:cover;--awb-width-large:100%;--awb-margin-top-large:50px;--awb-spacing-right-large:1.92%;--awb-margin-bottom-large:30px;--awb-spacing-left-large:1.92%;--awb-width-medium:75%;--awb-order-medium:0;--awb-spacing-right-medium:5.12%;--awb-spacing-left-medium:5.12%;--awb-width-small:100%;--awb-order-small:0;--awb-spacing-right-small:1.92%;--awb-margin-bottom-small:12px;--awb-spacing-left-small:1.92%;\"><div class=\"fusion-column-wrapper fusion-column-has-shadow fusion-flex-justify-content-flex-start fusion-content-layout-column\"><div class=\"fusion-text fusion-text-5\"><h2 id=\"mehrwert\" style=\"text-align: center\"><strong>Der Stufenplan \u00bbSmarte St\u00e4dte und Regionen\u00ab<\/strong><\/h2>\n<\/div><div class=\"fusion-text fusion-text-6\"><p style=\"text-align: center\">Der Marktplatz <b>DEUTSCHLAND.DIGITAL<\/b> ist Teil des <strong><a href=\"https:\/\/www.bmwsb.bund.de\/SharedDocs\/downloads\/Webs\/BMWSB\/DE\/veroeffentlichungen\/pm-kurzmeldung\/smart-cities-Stufenplan.pdf?__blob=publicationFile&amp;v=3\">Stufenplans \u00bbSmarte St\u00e4dte und Regionen\u00ab<\/a><\/strong>, den das Bundesministerium f\u00fcr Wohnen, Stadtentwicklung und Bauwesen (BMWSB) Mitte Juni 2024 vorgestellt hat. F\u00fcr den Auswahlprozess hatte der Beirat acht Marktpl\u00e4tze verglichen, dabei fiel die Wahl auf die Nutzung und Weiterentwicklung unseres Marktplatzes <b>DEUTSCHLAND.DIGITAL<\/b>. Der Smart City und Region Stufenplan der Bundesregierung ist eine umfassende Strategie zur Digitalisierung und Modernisierung deutscher St\u00e4dte und Regionen. Ziel des Stufenplans ist es, einen handlungsorientierten Rahmen zu schaffen, der es allen Kommunen erm\u00f6glicht, unabh\u00e4ngig von ihren Voraussetzungen digitale L\u00f6sungen zu nutzen.<\/p>\n<\/div><\/div><\/div><\/div><\/div><\/p>\n","protected":false},"excerpt":{"rendered":"","protected":false},"author":96,"featured_media":0,"parent":0,"menu_order":0,"comment_status":"closed","ping_status":"closed","template":"100-width.php","meta":{"footnotes":""},"class_list":["post-6653","page","type-page","status-publish","hentry"],"yoast_head":"<!-- This site is optimized with the Yoast SEO plugin v27.3 - https:\/\/yoast.com\/product\/yoast-seo-wordpress\/ -->\n<title>\u00dcber Uns - DEUTSCHLAND.DIGITAL<\/title>\n<meta name=\"robots\" content=\"index, follow, max-snippet:-1, max-image-preview:large, max-video-preview:-1\" \/>\n<link rel=\"canonical\" href=\"https:\/\/www.deutschlanddigital.org\/index.php\/ueber-uns\/\" \/>\n<meta property=\"og:locale\" content=\"de_DE\" \/>\n<meta property=\"og:type\" content=\"article\" \/>\n<meta property=\"og:title\" content=\"\u00dcber Uns - DEUTSCHLAND.DIGITAL\" \/>\n<meta property=\"og:url\" content=\"https:\/\/www.deutschlanddigital.org\/index.php\/ueber-uns\/\" \/>\n<meta property=\"og:site_name\" content=\"DEUTSCHLAND.DIGITAL\" \/>\n<meta property=\"article:publisher\" content=\"https:\/\/www.facebook.com\/SLRegionen\" \/>\n<meta property=\"article:modified_time\" content=\"2025-09-26T07:47:38+00:00\" \/>\n<meta property=\"og:image\" content=\"https:\/\/www.deutschlanddigital.org\/wp-content\/uploads\/sites\/16\/2024\/07\/Share-Image-DEUTSCHLAND.DIGITAL.png\" \/>\n\t<meta property=\"og:image:width\" content=\"1182\" \/>\n\t<meta property=\"og:image:height\" content=\"856\" \/>\n\t<meta property=\"og:image:type\" content=\"image\/png\" \/>\n<meta name=\"twitter:card\" content=\"summary_large_image\" \/>\n<meta name=\"twitter:site\" content=\"@SLRegionen\" \/>\n<meta name=\"twitter:label1\" content=\"Gesch\u00e4tzte Lesezeit\" \/>\n\t<meta name=\"twitter:data1\" content=\"3\u00a0Minuten\" \/>\n<script type=\"application\/ld+json\" class=\"yoast-schema-graph\">{\"@context\":\"https:\\\/\\\/schema.org\",\"@graph\":[{\"@type\":\"WebPage\",\"@id\":\"https:\\\/\\\/www.deutschlanddigital.org\\\/index.php\\\/ueber-uns\\\/\",\"url\":\"https:\\\/\\\/www.deutschlanddigital.org\\\/index.php\\\/ueber-uns\\\/\",\"name\":\"\u00dcber Uns - DEUTSCHLAND.DIGITAL\",\"isPartOf\":{\"@id\":\"https:\\\/\\\/www.deutschlanddigital.org\\\/#website\"},\"datePublished\":\"2025-01-31T15:09:28+00:00\",\"dateModified\":\"2025-09-26T07:47:38+00:00\",\"breadcrumb\":{\"@id\":\"https:\\\/\\\/www.deutschlanddigital.org\\\/index.php\\\/ueber-uns\\\/#breadcrumb\"},\"inLanguage\":\"de\",\"potentialAction\":[{\"@type\":\"ReadAction\",\"target\":[\"https:\\\/\\\/www.deutschlanddigital.org\\\/index.php\\\/ueber-uns\\\/\"]}]},{\"@type\":\"BreadcrumbList\",\"@id\":\"https:\\\/\\\/www.deutschlanddigital.org\\\/index.php\\\/ueber-uns\\\/#breadcrumb\",\"itemListElement\":[{\"@type\":\"ListItem\",\"position\":1,\"name\":\"Home\",\"item\":\"https:\\\/\\\/www.deutschlanddigital.org\\\/\"},{\"@type\":\"ListItem\",\"position\":2,\"name\":\"\u00dcber Uns\"}]},{\"@type\":\"WebSite\",\"@id\":\"https:\\\/\\\/www.deutschlanddigital.org\\\/#website\",\"url\":\"https:\\\/\\\/www.deutschlanddigital.org\\\/\",\"name\":\"DEUTSCHLAND.DIGITAL\",\"description\":\"Smarte L\u00f6sungen f\u00fcr smarte Kommunen\",\"publisher\":{\"@id\":\"https:\\\/\\\/www.deutschlanddigital.org\\\/#organization\"},\"alternateName\":\"digitaler Marktplatz f\u00fcr die Daseinsvorsorge\",\"potentialAction\":[{\"@type\":\"SearchAction\",\"target\":{\"@type\":\"EntryPoint\",\"urlTemplate\":\"https:\\\/\\\/www.deutschlanddigital.org\\\/?s={search_term_string}\"},\"query-input\":{\"@type\":\"PropertyValueSpecification\",\"valueRequired\":true,\"valueName\":\"search_term_string\"}}],\"inLanguage\":\"de\"},{\"@type\":\"Organization\",\"@id\":\"https:\\\/\\\/www.deutschlanddigital.org\\\/#organization\",\"name\":\"Fraunhofer IESE\",\"url\":\"https:\\\/\\\/www.deutschlanddigital.org\\\/\",\"logo\":{\"@type\":\"ImageObject\",\"inLanguage\":\"de\",\"@id\":\"https:\\\/\\\/www.deutschlanddigital.org\\\/#\\\/schema\\\/logo\\\/image\\\/\",\"url\":\"https:\\\/\\\/www.deutschlanddigital.org\\\/wp-content\\\/uploads\\\/sites\\\/16\\\/2024\\\/07\\\/Favicon.png\",\"contentUrl\":\"https:\\\/\\\/www.deutschlanddigital.org\\\/wp-content\\\/uploads\\\/sites\\\/16\\\/2024\\\/07\\\/Favicon.png\",\"width\":267,\"height\":267,\"caption\":\"Fraunhofer IESE\"},\"image\":{\"@id\":\"https:\\\/\\\/www.deutschlanddigital.org\\\/#\\\/schema\\\/logo\\\/image\\\/\"},\"sameAs\":[\"https:\\\/\\\/www.facebook.com\\\/SLRegionen\",\"https:\\\/\\\/x.com\\\/SLRegionen\",\"https:\\\/\\\/www.linkedin.com\\\/in\\\/smarte-land-regionen\\\/\"]}]}<\/script>\n<!-- \/ Yoast SEO plugin. -->","yoast_head_json":{"title":"\u00dcber Uns - DEUTSCHLAND.DIGITAL","robots":{"index":"index","follow":"follow","max-snippet":"max-snippet:-1","max-image-preview":"max-image-preview:large","max-video-preview":"max-video-preview:-1"},"canonical":"https:\/\/www.deutschlanddigital.org\/index.php\/ueber-uns\/","og_locale":"de_DE","og_type":"article","og_title":"\u00dcber Uns - DEUTSCHLAND.DIGITAL","og_url":"https:\/\/www.deutschlanddigital.org\/index.php\/ueber-uns\/","og_site_name":"DEUTSCHLAND.DIGITAL","article_publisher":"https:\/\/www.facebook.com\/SLRegionen","article_modified_time":"2025-09-26T07:47:38+00:00","og_image":[{"width":1182,"height":856,"url":"https:\/\/www.deutschlanddigital.org\/wp-content\/uploads\/sites\/16\/2024\/07\/Share-Image-DEUTSCHLAND.DIGITAL.png","type":"image\/png"}],"twitter_card":"summary_large_image","twitter_site":"@SLRegionen","twitter_misc":{"Gesch\u00e4tzte Lesezeit":"3\u00a0Minuten"},"schema":{"@context":"https:\/\/schema.org","@graph":[{"@type":"WebPage","@id":"https:\/\/www.deutschlanddigital.org\/index.php\/ueber-uns\/","url":"https:\/\/www.deutschlanddigital.org\/index.php\/ueber-uns\/","name":"\u00dcber Uns - DEUTSCHLAND.DIGITAL","isPartOf":{"@id":"https:\/\/www.deutschlanddigital.org\/#website"},"datePublished":"2025-01-31T15:09:28+00:00","dateModified":"2025-09-26T07:47:38+00:00","breadcrumb":{"@id":"https:\/\/www.deutschlanddigital.org\/index.php\/ueber-uns\/#breadcrumb"},"inLanguage":"de","potentialAction":[{"@type":"ReadAction","target":["https:\/\/www.deutschlanddigital.org\/index.php\/ueber-uns\/"]}]},{"@type":"BreadcrumbList","@id":"https:\/\/www.deutschlanddigital.org\/index.php\/ueber-uns\/#breadcrumb","itemListElement":[{"@type":"ListItem","position":1,"name":"Home","item":"https:\/\/www.deutschlanddigital.org\/"},{"@type":"ListItem","position":2,"name":"\u00dcber Uns"}]},{"@type":"WebSite","@id":"https:\/\/www.deutschlanddigital.org\/#website","url":"https:\/\/www.deutschlanddigital.org\/","name":"DEUTSCHLAND.DIGITAL","description":"Smarte L\u00f6sungen f\u00fcr smarte Kommunen","publisher":{"@id":"https:\/\/www.deutschlanddigital.org\/#organization"},"alternateName":"digitaler Marktplatz f\u00fcr die Daseinsvorsorge","potentialAction":[{"@type":"SearchAction","target":{"@type":"EntryPoint","urlTemplate":"https:\/\/www.deutschlanddigital.org\/?s={search_term_string}"},"query-input":{"@type":"PropertyValueSpecification","valueRequired":true,"valueName":"search_term_string"}}],"inLanguage":"de"},{"@type":"Organization","@id":"https:\/\/www.deutschlanddigital.org\/#organization","name":"Fraunhofer IESE","url":"https:\/\/www.deutschlanddigital.org\/","logo":{"@type":"ImageObject","inLanguage":"de","@id":"https:\/\/www.deutschlanddigital.org\/#\/schema\/logo\/image\/","url":"https:\/\/www.deutschlanddigital.org\/wp-content\/uploads\/sites\/16\/2024\/07\/Favicon.png","contentUrl":"https:\/\/www.deutschlanddigital.org\/wp-content\/uploads\/sites\/16\/2024\/07\/Favicon.png","width":267,"height":267,"caption":"Fraunhofer IESE"},"image":{"@id":"https:\/\/www.deutschlanddigital.org\/#\/schema\/logo\/image\/"},"sameAs":["https:\/\/www.facebook.com\/SLRegionen","https:\/\/x.com\/SLRegionen","https:\/\/www.linkedin.com\/in\/smarte-land-regionen\/"]}]}},"_links":{"self":[{"href":"https:\/\/www.deutschlanddigital.org\/index.php\/wp-json\/wp\/v2\/pages\/6653","targetHints":{"allow":["GET"]}}],"collection":[{"href":"https:\/\/www.deutschlanddigital.org\/index.php\/wp-json\/wp\/v2\/pages"}],"about":[{"href":"https:\/\/www.deutschlanddigital.org\/index.php\/wp-json\/wp\/v2\/types\/page"}],"author":[{"embeddable":true,"href":"https:\/\/www.deutschlanddigital.org\/index.php\/wp-json\/wp\/v2\/users\/96"}],"replies":[{"embeddable":true,"href":"https:\/\/www.deutschlanddigital.org\/index.php\/wp-json\/wp\/v2\/comments?post=6653"}],"version-history":[{"count":35,"href":"https:\/\/www.deutschlanddigital.org\/index.php\/wp-json\/wp\/v2\/pages\/6653\/revisions"}],"predecessor-version":[{"id":7236,"href":"https:\/\/www.deutschlanddigital.org\/index.php\/wp-json\/wp\/v2\/pages\/6653\/revisions\/7236"}],"wp:attachment":[{"href":"https:\/\/www.deutschlanddigital.org\/index.php\/wp-json\/wp\/v2\/media?parent=6653"}],"curies":[{"name":"wp","href":"https:\/\/api.w.org\/{rel}","templated":true}]}}